.
955
Calculate the highest common factor of 68727093 and 4773.
111
Calculate the greatest common divisor of 280472 and 424.
8
What is the highest common factor of 1563489 and 162108?
2133
Calculate the greatest common divisor of 332866 and 172244.
298
What is the highest common factor of 866660 and 51?
17
What is the highest common factor of 1682284 and 12?
4
What is the highest common divisor of 92001645 and 1395?
1395
Calculate the highest common divisor of 3315825827 and 3701.
3701
What is the greatest common divisor of 1981854 and 27440?
686
Calculate the greatest common factor of 1159366 and 42874.
442
Calculate the highest common divisor of 8820 and 1034604.
36
Calculate the greatest common factor of 3598921828 and 136.
68
What is the greatest common divisor of 3 and 7482060?
3
Calculate the greatest common factor of 2566992 and 176.
16
What is the greatest common factor of 14 and 32668727?
7
What is the highest common divisor of 3287022 and 1104?
138
Calculate the highest common divisor of 2380004 and 99.
11
Calculate the greatest common factor of 194475996 and 32672.
4084
What is the greatest common factor of 4957676 and 204?
68
What is the highest common divisor of 2 and 8880374?
2
Calculate the greatest common factor of 63 and 3712023.
63
Calculate the greatest common divisor of 126 and 1945185984.
126
Calculate the greatest common divisor of 106 and 20610587.
53
Calculate the greatest common factor of 400119 and 4.
1
What is the highest common factor of 118320 and 802604?
1972
What is the highest common divisor of 2561 and 180583?
13
Calculate the greatest common divisor of 39 and 104425737.
39
What is the greatest common factor of 21827115 and 230?
115
Calculate the highest common divisor of 7280518 and 34986.
686
Calculate the greatest common divisor of 26199 and 607251.
123
What is the greatest common divisor of 19339676 and 85?
17
Calculate the highest common divisor of 44 and 4768504.
4
What is the highest common factor of 1824 and 188556?
228
Calculate the greatest common divisor of 7229673 and 486.
9
Calculate the greatest common divisor of 7052 and 10442372.
164
Calculate the greatest common divisor of 1856465 and 20800.
65
Calculate the greatest common divisor of 2880 and 130554240.
960
Calculate the highest common divisor of 942 and 101555450.
314
What is the greatest common factor of 11657176 and 8?
8
What is the greatest common factor of 19 and 66836129?
19
What is the highest common factor of 4843050 and 53682?
2334
What is the highest common factor of 5664 and 23676288?
96
What is the highest common factor of 345 and 31395115?
115
What is the greatest common divisor of 212 and 227521898?
106
What is the highest common divisor of 1097304 and 20472?
24
What is the greatest common factor of 10320655 and 635?
635
Calculate the highest common factor of 214051421 and 18365.
3673
What is the greatest common factor of 313330965 and 34821?
11607
Calculate the greatest common factor of 19206 and 260502.
66
Calculate the highest common divisor of 31 and 54707405.
31
What is the greatest common divisor of 96 and 12055072?
32
Calculate the greatest common factor of 2785165 and 30.
5
Calculate the highest common factor of 124 and 1135499.
31
Calculate the highest common factor of 43022 and 23304754.
878
What is the greatest common divisor of 75650 and 82400650?
4450
Calculate the highest common divisor of 168 and 2177931.
21
What is the highest common divisor of 77 and 2361107?
7
What is the greatest common divisor of 439537448 and 476?
476
Calculate the greatest common divisor of 11160 and 174067480.
1240
Calculate the greatest common divisor of 24265527 and 1254.
627
What is the greatest common factor of 144 and 440328?
24
What is the highest common divisor of 7533456 and 4998?
294
What is the highest common divisor of 9942210 and 18090?
270
What is the highest common factor of 1053094969 and 3914?
1957
Calculate the greatest common factor of 317608 and 3944.
232
Calculate the highest common divisor of 5940 and 3823380.
1980
Calculate the greatest common divisor of 21462 and 8526.
294
Calculate the highest common divisor of 5640 and 812030280.
5640
Calculate the highest common divisor of 55 and 5154061.
11
Calculate the greatest common divisor of 9 and 779829.
3
What is the highest common factor of 7519 and 108259?
73
Calculate the highest common divisor of 478 and 544288562.
478
What is the greatest common factor of 3905796 and 38076?
2004
Calculate the greatest common factor of 177459 and 244062.
447
Calculate the greatest common factor of 2222 and 59070.
22
Calculate the greatest common factor of 725 and 86950.
25
Calculate the greatest common factor of 3008 and 363712.
64
Calculate the greatest common factor of 3008 and 159908288.
3008
Calculate the highest common factor of 253785519 and 2691.
2691
Calculate the greatest common divisor of 3361986 and 342.
18
What is the greatest common divisor of 5362247 and 451?
11
Calculate the greatest common divisor of 28428 and 1292032.
412
Calculate the highest common factor of 3854542356 and 1116.
1116
What is the greatest common factor of 119 and 19649?
7
What is the greatest common divisor of 66839 and 322002?
89
Calculate the highest common divisor of 18 and 198912060.
18
What is the highest common divisor of 20497173 and 1688?
211
What is the highest common factor of 941071335 and 1490?
745
Calculate the highest common factor of 368 and 58805066.
46
What is the greatest common factor of 224 and 745712?
16
What is the greatest common factor of 564 and 183378?
6
Calculate the highest common factor of 517000 and 92.
4
Calculate the greatest common divisor of 18537818 and 54178.
526
Calculate the greatest common factor of 74321 and 4576.
13
Calculate the highest common divisor of 3364 and 94398045.
841
What is the highest common factor of 8371025 and 344?
43
Calculate the highest common divisor of 3351440 and 48.
16
What is the highest common factor of 2231 and 501883?
23
Calculate the highest common factor of 791 and 8684389.
791
What is the highest common factor of 21 and 2307?
3
Calculate the greatest common factor of 11564239 and 13616.
851
What is the highest common factor of 21 and 557187708?
21
Calculate the greatest common factor of 3512 and 5846264.
8
Calculate the highest common factor of 463774 and 268.
134
Calculate the greatest common divisor of 122595 and 230578905.
11145
What is the highest common divisor of 42818 and 709894?
158
Calculate the highest common divisor of 3600 and 270225.
225
Calculate the highest common factor of 39767 and 270465.
247
Calculate the highest common factor of 138558 and 76188.
42
What is the greatest common factor of 228 and 51962872?
76
Calculate the greatest common divisor of 2336660 and 980.
20
What is the greatest common divisor of 9812250 and 147?
147
Calculate the greatest common factor of 1719431 and 16303.
119
Calculate the highest common factor of 2448 and 66107808.
144
What is the greatest common divisor of 672 and 48856?
8
Calculate the highest common divisor of 508 and 8539988.
508
Calculate the highest common divisor of 117 and 26980486.
13
Calculate the greatest common divisor of 120 and 146532560.
40
What is the greatest common factor of 5481 and 345564?
261
Calculate the greatest common divisor of 616750 and 1550.
50
Calculate the greatest common factor of 96 and 1248272.
16
Calculate the greatest common factor of 98133 and 189.
21
Calculate the greatest common factor of 30 and 872220.
30
What is the highest common divisor of 34074732 and 204?
204
Calculate the greatest common factor of 1471420 and 610.
10
Calculate the highest common factor of 1797 and 17554893.
1797
Calculate the highest common factor of 1590851328 and 11.
11
What is the highest common factor of 40455 and 159981545?
4495
Calculate the highest common factor of 210 and 77900214.
42
Calculate the highest common divisor of 336 and 8416752.
48
Calculate the highest common divisor of 747431074 and 104.
26
Calculate the highest common factor of 325755 and 292923.
513
What is the highest common factor of 2509 and 3410310579?
2509
What is the greatest common divisor of 215 and 2442260?
5
Calculate the highest common divisor of 617496 and 2112.
264
Calculate the 